 divided by 36?
26
What is the remainder when 54896 is divided by 36?
32
Calculate the remainder when 2818 is divided by 90.
28
Calculate the remainder when 730 is divided by 574.
156
Calculate the remainder when 25204 is divided by 200.
4
Calculate the remainder when 8026 is divided by 110.
106
Calculate the remainder when 299930 is divided by 14.
8
What is the remainder when 7379 is divided by 7326?
53
Calculate the remainder when 4622 is divided by 4614.
8
Calculate the remainder when 15471 is divided by 832.
495
What is the remainder when 3217 is divided by 219?
151
Calculate the remainder when 146627 is divided by 78.
65
Calculate the remainder when 23542 is divided by 218.
216
What is the remainder when 4068 is divided by 711?
513
Calculate the remainder when 45881 is divided by 32.
25
What is the remainder when 8090 is divided by 60?
50
Calculate the remainder when 5138 is divided by 500.
138
Calculate the remainder when 91433 is divided by 165.
23
Calculate the remainder when 2777 is divided by 241.
126
What is the remainder when 15409 is divided by 514?
503
Calculate the remainder when 746923 is divided by 433.
431
Calculate the remainder when 1137 is divided by 646.
491
What is the remainder when 44533 is divided by 146?
3
What is the remainder when 4540 is divided by 503?
13
Calculate the remainder when 15263 is divided by 204.
167
Calculate the remainder when 4866612 is divided by 15.
12
Calculate the remainder when 4216 is divided by 383.
3
Calculate the remainder when 14696 is divided by 4893.
17
Calculate the remainder when 95853 is divided by 896.
877
Calculate the remainder when 51889 is divided by 1727.
79
Calculate the remainder when 1601 is divided by 725.
151
Calculate the remainder when 295251 is divided by 137.
16
Calculate the remainder when 923644 is divided by 8321.
13
Calculate the remainder when 3451 is divided by 3434.
17
What is the remainder when 1983 is divided by 106?
75
Calculate the remainder when 16006 is divided by 3192.
46
Calculate the remainder when 168413 is divided by 19.
16
What is the remainder when 106594 is divided by 402?
64
Calculate the remainder when 4522 is divided by 182.
154
What is the remainder when 9592 is divided by 2394?
16
Calculate the remainder when 70834 is divided by 440.
434
Calculate the remainder when 6282 is divided by 24.
18
What is the remainder when 3631 is divided by 1761?
109
What is the remainder when 5417 is divided by 21?
20
What is the remainder when 12110 is divided by 216?
14
Calculate the remainder when 107500 is divided by 45.
40
What is the remainder when 487 is divided by 235?
17
What is the remainder when 310 is divided by 129?
52
What is the remainder when 62198 is divided by 20?
18
What is the remainder when 26919 is divided by 838?
103
Calculate the remainder when 2758 is divided by 398.
370
Calculate the remainder when 495208 is divided by 45018.
10
Calculate the remainder when 63925 is divided by 111.
100
Calculate the remainder when 697 is divided by 560.
137
What is the remainder when 303973 is divided by 579?
577
Calculate the remainder when 7807 is divided by 775.
57
What is the remainder when 5996003 is divided by 246?
245
Calculate the remainder when 1795 is divided by 362.
347
What is the remainder when 26879 is divided by 383?
69
What is the remainder when 176166 is divided by 122?
120
What is the remainder when 2358 is divided by 21?
6
What is the remainder when 3149 is divided by 2601?
548
What is the remainder when 29889 is divided by 1300?
1289
Calculate the remainder when 53828 is divided by 35.
33
What is the remainder when 108691 is divided by 58?
57
What is the remainder when 7096 is divided by 154?
12
Calculate the remainder when 2338 is divided by 484.
402
What is the remainder when 9064 is divided by 43?
34
What is the remainder when 4615 is divided by 1350?
565
What is the remainder when 8932 is divided by 36?
4
What is the remainder when 1210 is divided by 1206?
4
Calculate the remainder when 60051 is divided by 145.
21
What is the remainder when 946 is divided by 780?
166
What is the remainder when 2388 is divided by 113?
15
Calculate the remainder when 67407 is divided by 557.
10
Calculate the remainder when 58394 is divided by 52.
50
Calculate the remainder when 17482 is divided by 230.
2
What is the remainder when 3168 is divided by 1032?
72
What is the remainder when 93827 is divided by 11727?
11
What is the remainder when 3791338 is divided by 36?
34
What is the remainder when 13134 is divided by 23?
1
What is the remainder when 17082 is divided by 1075?
957
Calculate the remainder when 51391 is divided by 47.
20
What is the remainder when 1168 is divided by 265?
108
Calculate the remainder when 22538 is divided by 7510.
8
What is the remainder when 37978 is divided by 262?
250
What is the remainder when 14408 is divided by 4799?
11
Calculate the remainder when 1167457 is divided by 139.
135
Calculate the remainder when 208031 is divided by 51985.
91
Calculate the remainder when 6933 is divided by 983.
52
What is the remainder when 688703 is divided by 9?
5
What is the remainder when 205120 is divided by 41?
38
What is the remainder when 297529 is divided by 539?
1
Calculate the remainder when 1433 is divided by 686.
61
What is the remainder when 120920 is divided by 12092?
0
Calculate the remainder when 10812 is divided by 197.
174
Calculate the remainder when 25404 is divided by 9.
6
What is the remainder when 5299 is divided by 1763?
10
Calculate the remainder when 21818 is divided by 949.
940
What is the remainder when 11427 is divided by 924?
339
What is the remainder when 1695 is divided by 499?
198
What is the remainder when 978 is divided by 481?
16
Calculate the remainder when 27058 is divided by 798.
724
Calculate the remainder when 153382 is divided by 157.
150
Calculate the remainder when 106555 is divided by 1973.
13
What is the remainder when 125763 is divided by 5715?
33
What is the remainder when 416491 is divided by 5?
1
What is the remainder when 17762 is divided by 1532?
910
Calculate the remainder when 23551 is divided by 873.
853
What is the remainder when 3459 is divided by 145?
124
What is the remainder when 1569731 is divided by 121?
119
Calculate the remainder when 44511 is divided by 5557.
55
What is the remainder when 39046 is divided by 24?
22
What is the remainder when 566 is divided by 268?
30
Calculate the remainder when 1872 is divided by 1839.
33
What is the remainder when 508 is divided by 508?
0
What is the remainder when 565 is divided by 549?
16
What is the remainder when 6039 is divided by 1110?
489
What is the remainder when 2188 is divided by 411?
133
Calculate the remainder when 12575 is divided by 255.
80
Calculate the remainder when 104245 is divided by 17370.
25
What is the remainder when 8449757 is divided by 18?
17
Calculate the remainder when 57069 is divided by 656.
653
Calculate the remainder when 562378 is divided by 52.
50
Calculate the remainder when 129887 is divided by 310.
307
What is the remainder when 6551 is divided by 258?
101
What is the remainder when 6239 is divided by 6234?
5
What is the remainder when 1146453 is divided by 665?
658
Calculate the remainder when 244 is divided by 220.
24
What is the remainder when 2893510 is divided by 301?
298
What is the remainder when 48693 is divided by 393?
354
What is the remainder when 27969 is divided by 141?
51
Calculate the remainder when 246 is divided by 81.
3
What is the remainder when 96160 is divided by 27?
13
Calculate the remainder when 8620 is divided by 23.
18
What is the remainder when 2255783 is divided by 487?
486
What is the remainder when 525324 is divided by 74?
72
What is the remainder when 94881 is divided by 135?
111
Calculate the remainder when 99439 is divided by 55.
54
Calculate the remainder when 1861488 is divided by 431.
430
What is the remainder when 125260 is divided by 9?
7
Calculate the remainder when 102600 is divided by 698.
692
What is the remainder when 564907 is divided by 188295?
22
Calculate the remainder when 61170 is divided by 12228.
30
Calculate the remainder when 58492 is divided by 128.
124
Calculate the remainder when 905541 is divided by 453.
447
Calculate the remainder when 3203